{"id":617,"date":"2025-08-28T16:55:37","date_gmt":"2025-08-28T19:55:37","guid":{"rendered":"https:\/\/starstreaming.com.br\/xfest\/?page_id=617"},"modified":"2025-08-28T17:00:47","modified_gmt":"2025-08-28T20:00:47","slug":"politicas-de-privacidade","status":"publish","type":"page","link":"https:\/\/starstreaming.com.br\/xfest\/politicas-de-privacidade\/","title":{"rendered":"Pol\u00edticas de Privacidade"},"content":{"rendered":"\t\t<div data-elementor-type=\"wp-page\" data-elementor-id=\"617\" class=\"elementor elementor-617\" data-elementor-post-type=\"page\">\n\t\t\t\t<div class=\"elementor-element elementor-element-6ee4e7a e-flex e-con-boxed e-con e-parent\" data-id=\"6ee4e7a\" data-element_type=\"container\">\n\t\t\t\t\t<div class=\"e-con-inner\">\n\t\t\t\t<div class=\"elementor-element elementor-element-6d679a3 elementor-widget elementor-widget-heading\" data-id=\"6d679a3\" data-element_type=\"widget\" data-widget_type=\"heading.default\">\n\t\t\t\t<div class=\"elementor-widget-container\">\n\t\t\t\t\t<h2 class=\"elementor-heading-title elementor-size-default\">Pol\u00edticas de Privacidade<\/h2>\t\t\t\t<\/div>\n\t\t\t\t<\/div>\n\t\t\t\t\t<\/div>\n\t\t\t\t<\/div>\n\t\t<div class=\"elementor-element elementor-element-826452f e-flex e-con-boxed e-con e-parent\" data-id=\"826452f\" data-element_type=\"container\" data-settings=\"{&quot;background_background&quot;:&quot;classic&quot;}\">\n\t\t\t\t\t<div class=\"e-con-inner\">\n\t\t\t\t<div class=\"elementor-element elementor-element-1feb85c elementor-widget elementor-widget-text-editor\" data-id=\"1feb85c\" data-element_type=\"widget\" data-widget_type=\"text-editor.default\">\n\t\t\t\t<div class=\"elementor-widget-container\">\n\t\t\t\t\t\t\t\t\t<p>1 \u2013 Defini\u00e7\u00f5es<\/p><p>Para fins desta Pol\u00edtica de Privacidade, aplicam-se as seguintes defini\u00e7\u00f5es:<br \/><span style=\"color: #474747;\">ASSOCIA\u00c7\u00c3O GAUCHA DE ARTES MARCIAIS \u2013 AGAM, Rua Riachuelo, n\u00b0 466, Centro \u2013 Porto Alegre \/RS. <\/span>IP: Abreviatura de Internet Protocol. \u00c9 um conjunto de n\u00fameros que identifica o computador dos Visitantes na Internet.<\/p><p>Logs: Registros de atividades dos Visitantes efetuadas na loja.<\/p><p>Loja \/ E-commerce: designa o endere\u00e7o eletr\u00f4nico https:\/\/starstreaming.com.br\/xfest\/ e seus subdom\u00ednios.<\/p><p>Visitante: Qualquer pessoa que navegar pela Loja.<\/p><p>Usu\u00e1rio: Visitantes que estiverem autenticados no sistema da loja.<\/p><p>Web beacons: Linhas de programa\u00e7\u00e3o em p\u00e1ginas HTML que tem como finalidade obter detalhes da navega\u00e7\u00e3o do usu\u00e1rio, a exemplo de quanto tempo ficou com o site aberto, qual endere\u00e7o visitado em seguida, dentre outros.<\/p><p>2 \u2013 Obten\u00e7\u00e3o dos dados e informa\u00e7\u00f5es<\/p><p>2.1 \u2013 Os dados e informa\u00e7\u00f5es ser\u00e3o obtidos quando os Visitantes interagirem com as diversas funcionalidades existentes na loja, fornecendo as informa\u00e7\u00f5es voluntariamente.<\/p><p>3 \u2013 Armazenamento dos Dados e Informa\u00e7\u00f5es<\/p><p>3.2 \u2013 Todos os dados e informa\u00e7\u00f5es coletados dos Visitantes ser\u00e3o incorporados ao banco de dados do Portal, sendo sua respons\u00e1vel a X-FEST.<\/p><p>3.2 \u2013 Os dados e informa\u00e7\u00f5es coletados estar\u00e3o armazenados em ambiente seguro, observado o estado da t\u00e9cnica dispon\u00edvel, e somente poder\u00e3o ser acessadas por pessoas qualificadas e autorizadas pela<br \/>Loja.<\/p><p>3.3 \u2013 Considerando que nenhum sistema de seguran\u00e7a \u00e9 absolutamente seguro, a X-FEST se exime de quaisquer responsabilidades por eventuais danos e\/ou preju\u00edzos decorrentes de falhas, v\u00edrus ou invas\u00f5es do banco de dados do site do evento, salvo nos casos de dolo ou culpa pela mesma.<\/p><p>3.4 \u2013 O evento X-FEST coleta somente as informa\u00e7\u00f5es indispens\u00e1veis \u00e0 viabiliza\u00e7\u00e3o de seu neg\u00f3cio, qual seja, X-FEST.<\/p><p>4 \u2013 Uso dos Dados e Informa\u00e7\u00f5es<\/p><p>4.1 \u2013 Os dados e informa\u00e7\u00f5es coletados dos Visitantes poder\u00e3o ser utilizados para as seguintes finalidades:<\/p><p>a). Responder a eventuais d\u00favidas e solicita\u00e7\u00f5es dos Visitantes;<\/p><p>b). Cumprimento de ordem legal ou judicial;<\/p><p>c). Constituir, defender ou exercer regularmente direitos em \u00e2mbito judicial, ou administrativo;<\/p><p>d). Elaborar estat\u00edsticas gerais, para identifica\u00e7\u00e3o do perfil dos Visitantes e desenvolvimento de campanhas do X-FEST, mas sem realizar identifica\u00e7\u00e3o pessoal;<\/p><p>e) Garantir a seguran\u00e7a dos Visitantes;<\/p><p>f). Manter atualizados os cadastros dos Visitantes para fins de contato por telefone, correio eletr\u00f4nico, SMS, mala direta ou por outros meios de comunica\u00e7\u00e3o;<\/p><p>g) Informar a respeito de novidades, promo\u00e7\u00f5es e eventos do Site e de seus parceiros comerciais.<\/p><p>4.2 \u2013 A base de dados coletados pela Site n\u00e3o ser\u00e1 compartilhada, vendida, cedida, transferida, informada ou alugada a terceiros.<\/p><p>4.3 \u2013 Os dados adquiridos somente poder\u00e3o ser acessados por profissionais devidamente autorizados pelo<br \/>X-FEST, respeitando a necessidade a que ser\u00e3o submetidos, a relev\u00e2ncia para os objetivos do Site e aos interesses dos usu\u00e1rios, al\u00e9m de preservar a privacidade dos usu\u00e1rios.<\/p><p>4.4 \u2013 Caso o Usu\u00e1rio deixe de utilizar os servi\u00e7os oferecidos pelo Site do evento, o X-FEST, poder\u00e1 para fins de auditoria e preserva\u00e7\u00e3o de direitos, permanecer com o registro de seus dados e informa\u00e7\u00f5es, pelo per\u00edodo m\u00e1ximo de 5 (cinco) anos, com a faculdade de exclu\u00ed-los definitivamente segundo sua conveni\u00eancia.<br \/><br \/>4.5 \u2013 \u00c9 proibido a utiliza\u00e7\u00e3o de multi acessos do usuario com a mesma conta cadastrada, resultando no bloqueio da conta e banimento do mesmo sem direito a estorno dos valores do PPV.<\/p><p>5 \u2013 Cookies<\/p><p>5.1 \u2013 O Portal poder\u00e1 fazer o uso de cookies, cabendo aos Visitantes configurarem o seu navegador de Internet, caso deseje bloque\u00e1-los. Nesta hip\u00f3tese, algumas funcionalidades do Site poder\u00e3o ser limitadas.<\/p><p>5.2. Tamb\u00e9m, o Site poder\u00e1 utilizar web beacons para coletar dados de comportamento dos visitantes das p\u00e1ginas, onde a instala\u00e7\u00e3o de arquivos nos equipamentos dos visitantes n\u00e3o \u00e9 necess\u00e1ria.<\/p><p>5.3. Outras tecnologias poder\u00e3o ser utilizadas para a obten\u00e7\u00e3o de dados de navega\u00e7\u00e3o pelo usu\u00e1rio, no entanto, respeitar\u00e3o sempre aos termos desta pol\u00edtica e as op\u00e7\u00f5es do usu\u00e1rio a respeito de sua coleta e armazenamento.<\/p><p>6 \u2013 Disposi\u00e7\u00f5es Gerais<\/p><p>6.1 \u2013 As disposi\u00e7\u00f5es constantes desta Pol\u00edtica de Privacidade poder\u00e3o ser atualizadas ou modificadas a qualquer momento, cabendo aos Visitantes verific\u00e1-la sempre que efetuar o acesso ao Site.<\/p><p>6.2 \u2013 Os Visitantes dever\u00e3o entrar em contato em caso de qualquer d\u00favida com rela\u00e7\u00e3o \u00e0s disposi\u00e7\u00f5es constantes desta Pol\u00edtica de Privacidade atrav\u00e9s do whatsapp do evento X-FEST \u201c51 98218-8594\u201d.<\/p><p>6.3 \u2013 O X-FEST, n\u00e3o pode controlar o que fa\u00e7am os Visitantes e Usu\u00e1rios da informa\u00e7\u00e3o publicada no site. Lembre-se de que qualquer informa\u00e7\u00e3o divulgada nestas \u00e1reas pode tornar-se informa\u00e7\u00e3o p\u00fablica e que, portanto, \u00e9 importante cautela e bom senso ao publicar qualquer conte\u00fado.<\/p><p>7 \u2013 Lei Aplic\u00e1vel e Jurisdi\u00e7\u00e3o<\/p><p>7.1 \u2013 A presente Pol\u00edtica de Privacidade ser\u00e1 interpretada segundo a legisla\u00e7\u00e3o brasileira, no idioma portugu\u00eas, sendo eleito o Foro da Comarca no estado do Rio Grande do Sul para dirimir qualquer lit\u00edgio, quest\u00e3o ou d\u00favida superveniente, com expressa ren\u00fancia de qualquer outro, por mais privilegiado que seja.<\/p>\t\t\t\t\t\t\t\t<\/div>\n\t\t\t\t<\/div>\n\t\t\t\t\t<\/div>\n\t\t\t\t<\/div>\n\t\t\t\t<\/div>\n\t\t","protected":false},"excerpt":{"rendered":"<p>Pol\u00edticas de Privacidade 1 \u2013 Defini\u00e7\u00f5es Para fins desta Pol\u00edtica de Privacidade, aplicam-se as seguintes defini\u00e7\u00f5es:ASSOCIA\u00c7\u00c3O GAUCHA DE ARTES MARCIAIS \u2013 AGAM, Rua Riachuelo, n\u00b0 466, Centro \u2013 Porto Alegre \/RS. IP: Abreviatura de Internet Protocol. \u00c9 um conjunto de n\u00fameros que identifica o computador dos Visitantes na Internet. Logs: Registros de atividades dos Visitantes [&hellip;]<\/p>\n","protected":false},"author":4,"featured_media":0,"parent":0,"menu_order":0,"comment_status":"closed","ping_status":"closed","template":"elementor_header_footer","meta":{"footnotes":""},"class_list":["post-617","page","type-page","status-publish","hentry"],"_links":{"self":[{"href":"https:\/\/starstreaming.com.br\/xfest\/wp-json\/wp\/v2\/pages\/617","targetHints":{"allow":["GET"]}}],"collection":[{"href":"https:\/\/starstreaming.com.br\/xfest\/wp-json\/wp\/v2\/pages"}],"about":[{"href":"https:\/\/starstreaming.com.br\/xfest\/wp-json\/wp\/v2\/types\/page"}],"author":[{"embeddable":true,"href":"https:\/\/starstreaming.com.br\/xfest\/wp-json\/wp\/v2\/users\/4"}],"replies":[{"embeddable":true,"href":"https:\/\/starstreaming.com.br\/xfest\/wp-json\/wp\/v2\/comments?post=617"}],"version-history":[{"count":7,"href":"https:\/\/starstreaming.com.br\/xfest\/wp-json\/wp\/v2\/pages\/617\/revisions"}],"predecessor-version":[{"id":638,"href":"https:\/\/starstreaming.com.br\/xfest\/wp-json\/wp\/v2\/pages\/617\/revisions\/638"}],"wp:attachment":[{"href":"https:\/\/starstreaming.com.br\/xfest\/wp-json\/wp\/v2\/media?parent=617"}],"curies":[{"name":"wp","href":"https:\/\/api.w.org\/{rel}","templated":true}]}}